hat is p(-4)?
-25
Let x(c) = 3*c**2 - 2*c - 9. Determine x(-2).
7
Let r(q) = -2*q - 42. Give r(0).
-42
Let r(a) = 12*a**3 + 50*a**2 + 5*a - 17. Calculate r(-4).
-5
Let a(v) = v**2 + 14*v + 43. Calculate a(-7).
-6
Let o(v) = -53*v + 4. Give o(-1).
57
Let k(a) = -a**2 + 4*a - 3. What is k(3)?
0
Let h(i) = -38*i**2 - 2*i - 1. What is h(-1)?
-37
Let q(h) = h**2 + 90*h - 372. Determine q(4).
4
Let n(b) = 5*b + 48. What is n(-9)?
3
Let v(d) = -d**2 - 15*d + 5. What is v(-16)?
-11
Let j(v) = -23*v - 3. Calculate j(-2).
43
Let z(j) = -j**3 + 14*j**2 + 15*j + 14. Determine z(15).
14
Let v(x) = x**3 - 8*x**2 - x + 9. Calculate v(8).
1
Let z(a) = -8*a - 8. What is z(4)?
-40
Let a(p) = -p - 14. Give a(-17).
3
Let g(v) = v**2 + v + 2. Calculate g(5).
32
Let z(g) = -g**3 + 2*g**2 + 13*g - 19. What is z(4)?
1
Let v(c) = c**3 - 2*c**2 - c + 2. Give v(3).
8
Let h(g) = -g**3 + 6*g**2 + 8*g. Give h(7).
7
Let x(k) = -k**2 - 3. Determine x(-3).
-12
Let m(d) = -2*d**3 + 3*d**2 - 3*d. What is m(2)?
-10
Let b(z) = 4*z - 2. Give b(-3).
-14
Let m(p) = 3*p + 68. Calculate m(-17).
17
Let t(d) = d**2 + 14*d - 29. Calculate t(-16).
3
Let m(c) = 23*c - 196. Give m(8).
-12
Let r(c) = -7*c**2 - 2*c + 4. Calculate r(-2).
-20
Let v(t) = -t**3 + 21*t**2 + 28*t - 132. Give v(22).
0
Let m(h) = -5*h - 2. Calculate m(-7).
33
Let j(l) = -l**3 + 14*l**2 + 97*l - 46. Determine j(19).
-8
Let o(u) = 34*u - 2. Give o(1).
32
Let r(o) = o**3 - 16*o**2 - 16*o - 22. Determine r(17).
-5
Let f(o) = -o**2 + 16*o + 16. Calculate f(11).
71
Let g(o) = -o**2 - 34*o - 183. Give g(-6).
-15
Let b(y) = -y**3 - 6*y**2 - 5*y - 6. Determine b(-6).
24
Let x(i) = 2*i**3 - 47*i**2 + 25*i - 56. Calculate x(23).
-10
Let t(u) = -2*u + 1. What is t(0)?
1
Let h(t) = -21*t + 3. Determine h(-1).
24
Let g(m) = -m**3 + 8*m**2 + m + 7. Determine g(7).
63
Let u(n) = 6*n - 5. Determine u(-5).
-35
Let p(z) = z**2 - 15*z. Determine p(9).
-54
Let y(f) = f**2 + 6*f - 3. Calculate y(-6).
-3
Let y(w) = -w**3 - 3*w**2 + 3*w. Determine y(-3).
-9
Let z(d) = -d**2 - 9*d + 18. What is z(-11)?
-4
Let b(x) = -x + 15. Give b(6).
9
Let l(s) = s**2 + 3*s + 14. What is l(6)?
68
Let v(t) = -t**2 + 10*t - 15. Give v(9).
-6
Let n(h) = -h**3 + 12*h**2 + 25*h - 43. What is n(14)?
-85
Let i(z) = 7*z - 62. Calculate i(9).
1
Let y(g) = 22*g - 56. What is y(3)?
10
Let q(g) = -3*g. Determine q(0).
0
Let v(o) = -o - 41. Calculate v(-31).
-10
Let u(y) = -4*y + 5. Determine u(5).
-15
Let q(d) = d**2 - 7*d + 7. Calculate q(8).
15
Let b(d) = -d**3 - 8*d**2 - d - 4. Calculate b(-8).
4
Let f(o) = 4*o**2 + o + 1. What is f(-1)?
4
Let v(f) = -15*f**3 + f**2 + 4*f + 3. Determine v(-1).
15
Let y(f) = -f**3 - 6*f**2 + 3*f + 33. Calculate y(-5).
-7
Let z(l) = l**2 + 4*l - 3. What is z(1)?
2
Let l(h) = 16*h - 351. Calculate l(22).
1
Let n(g) = -3*g**2 + 3*g + 9. Give n(4).
-27
Let m(y) = y**3 - 3*y**2 - 7*y + 13. What is m(4)?
1
Let a(p) = -2*p**2 - 23*p + 17. Calculate a(-12).
5
Let k(z) = -60*z - 186. Give k(-3).
-6
Let u(x) = -x**3 + 10*x**2 - 10*x + 10. Calculate u(9).
1
Let a(c) = c**3 - 11*c**2 + 15*c + 1. Determine a(10).
51
Let o(u) = u**2 - 3*u - 12. Determine o(6).
6
Let v(q) = -2*q + 6. Determine v(11).
-16
Let v(r) = -2*r**2 - 83*r - 248. Give v(-38).
18
Let x(p) = -2*p**3 + 20*p**2 + 23*p - 9. Determine x(11).
2
Let p(d) = d + 31. Calculate p(-10).
21
Let g(v) = -8*v + 29. Give g(6).
-19
Let k(g) = 2*g - 9. Determine k(5).
1
Let k(r) = r**3 - 6*r**2 + 8*r - 7. Determine k(3).
-10
Let j(l) = -7*l - 45. Calculate j(-8).
11
Let o(z) = z**3 - 17*z**2 - 39*z + 24. What is o(19)?
5
Let q(c) = 3*c**3 + 3*c**2 + c - 4. What is q(-2)?
-18
Let j(u) = 2*u**3 - 12*u**2 + u - 9. Calculate j(6).
-3
Let m(p) = -p**3 + 3*p - 1. What is m(2)?
-3
Let f(i) = 15*i - 51. Calculate f(4).
9
Let g(c) = -c**3 - 2*c**2 - 3. Calculate g(-3).
6
Let h(v) = v**3 + 20*v**2 + 22*v + 62. Determine h(-19).
5
Let g(x) = x**2 + 15*x - 35. Calculate g(-17).
-1
Let j(b) = -2*b**2 - 21*b - 15. Determine j(-10).
-5
Let h(l) = -l**3 - 11*l**2 - 24*l - 2. Give h(-8).
-2
Let m(q) = 4*q + 46. Give m(-10).
6
Let u(t) = -t**3 + 3*t**2 + 4*t - 16. Determine u(3).
-4
Let x(u) = 7*u - 24. Calculate x(-7).
-73
Let f(r) = -6*r - 48. Give f(-7).
-6
Let j(y) = 4*y + 54. Give j(-9).
18
Let m(h) = -h**2 - 16*h + 3. Calculate m(-12).
51
Let b(c) = -2*c**2 - 4*c - 6. What is b(-3)?
-12
Let x(g) = g**3 + 10*g**2 - 11*g + 5. Give x(-11).
5
Let v(r) = r + 15. Give v(-7).
8
Let g(c) = -2*c + 80. Calculate g(30).
20
Let i(x) = -3*x + 2. What is i(-1)?
5
Let b(n) = 7*n + 18. What is b(-19)?
-115
Let w(t) = -2*t**3 - 22*t**2 - 41*t - 4. Determine w(-2).
6
Let n(a) = a**3 - 9*a**2 - 10*a - 32. Give n(10).
-32
Let n(d) = 6*d - 56. Calculate n(8).
-8
Let s(f) = 2*f**2 - 17*f - 5. What is s(9)?
4
Let x(l) = -6*l - 3. Calculate x(4).
-27
Let c(s) = -s**2 - 25*s - 42. Determine c(-23).
4
Let x(g) = -g**2 + 8*g + 8. Calculate x(8).
8
Let j(v) = v + 8. What is j(-14)?
-6
Let n(b) = b**2 - 21*b + 1. Give n(9).
-107
Let u(h) = h**2 + 24*h + 136. Calculate u(-11).
-7
Let j(o) = o**3 + 4*o**2 - 6*o + 3. Determine j(-5).
8
Let v(c) = c**2 + 2*c - 4. Give v(-4).
4
Let p(d) = d**2 - 8*d - 105. Calculate p(15).
0
Let f(r) = -r**3 + 12*r**2 + 2*r + 4. Calculate f(12).
28
Let p(x) = -2*x**3 - 26*x**2. What is p(-13)?
0
Let z(w) = 6*w - 121. Calculate z(21).
5
Let g(i) = 23*i - 1. Calculate g(-1).
-24
Let b(n) = n + 6. Calculate b(5).
11
Let c(r) = 2*r + 19. Calculate c(-7).
5
Let s(u) = -u**3 - 7*u**2 - 3*u - 1. Determine s(-7).
20
Let m(t) = -t**2 + 16*t + 231. Give m(-9).
6
Let c(w) = 25*w - 131. Calculate c(5).
-6
Let n(q) = q**3 - 4. Give n(2).
4
Let n(c) = -5*c - 2. Calculate n(-1).
3
Let m(g) = 2*g**2 - 12*g + 18. What is m(6)?
18
Let s(a) = 39*a**2 - 17*a - 16. What is s(-1)?
40
Let f(a) = -a**2 - 3*a + 12. Give f(-7).
-16
Let a(c) = -c**3 + 3*c**2 + c + 5. What is a(4)?
-7
Let c(a) = a**2 - 42*a + 186. What is c(37)?
1
Let o(j) = 3*j**3 - 8*j**2 - 4*j + 12. Give o(2).
-4
Let m(t) = -t**2 - 12*t - 5. What is m(-11)?
6
Let v(r) = 4*r + 4. Determine v(-2).
-4
Let v(c) = 5*c - 2. What is v(1)?
3
Let v(i) = 6*i - 11. Give v(-5).
-41
Let j(g) = g**3 + 18*g**2 + 35*g + 38. Determine j(-16).
-10
Let z(o) = 72*o**2 + o + 2. Determine z(-1).
73
Let w(a) = -a**2 - 4*a + 20. What is w(-7)?
-1
Let g(m) = 4*m - 4. What is g(0)?
-4
Let n(w) = w**3 + 13*w**2 + 40*w + 1. What is n(-8)?
1
Let y(f) = 3*f + 18. What is y(-12)?
-18
Let h(q) = q**3 + 8*q**2 + 5*q + 7. Determine h(-6).
49
Let g(l) = l**2 + 6*l + 6. Give g(5).
61
Let u(g) = -g**2 + g + 2. What is u(4)?
-10
Let k(v) = v**3 - 8*v**2 - 15*v + 15. What is k(9)?
-39
Let b(c) = -3*c + 5. Determine b(2).
-1
Let l(i) = -4*i - 1. Give l(11).
-45
Let l(i) = -7*i**2 - 329*i - 2. What is l(-47)?
-2
Let f(d) = -d**2 + 12*d + 46. Give f(15).
1
Let d(w) = 3*w + 82. Determine d(-24).
10
Let m(x) = -x**3 - 18*x**2 + 38*x - 40. Calculate m(-20).
0
Let q(c) = c**3 + 6*c**2 + 3*c + 13. What is q(-6)?
-5
Let h(y) = -y**3 + 9*y - 7. Give h(2).
3
Let i(m) = -m**3 + 9*m**2 + 12*m - 9. Calculate i(10).
11
Let i(p) = -p + 4. What is i(-4)?
8
Let f(a) = -a**2 - 9*a + 3. Determine f(-4).
23
Let j(a) = 7*a**2 - 44*a - 1. What is j(6)?
-13
Let k(g) = g**3 - 12*g**2 + 15*g - 34. Calculate k(11).
10
Let z(h) = -h**3 + 10*h**2 - 3*h + 11. What is z(10)?
-19
Let y(x) = x**2 - 26*x - 9. Determine y(23).
-78
Let o(u) = 7*u + 10. What is o(-7)?
-39
Let v(d) = d**3 + 12*d**2 + 28*d + 24. What is v(-10)?
-56
Let s(d) = -d**2 + 10*d - 9. Determine s(9).
0
Let j(c) = -13*c**3 + c. What is j(-1)?
12
Let d(p) = -9*p - 280. Give d(-30).
-10
Let b(i) = i**3 - 16*i**2 + i - 10. What is b(16)?
6
Let h(n) = n**2 - 12*n - 33. Determine h(15).
12
Let w(p) = -p**3 - 6*p**2 + 9*p + 12. Calculate w(-7).
-2
Let h(d) = -2*d**3 + d + 40. Give h(0).
40
Let m(g) = -26*g + 2. Give m(1).
-24
Let h(p) = -p**3 + 17*p**2 - p + 22. Give h(17).
5
Let g(f) = -f**2 - 9*f + 1. Determine g(-7).
15
Let g(i) = -i + 7. What is g(-14)?
21
Let y(p) = -p**3 + p**2 - p + 57. Calculate y(0).
57
Let k(h) = -h**3 - 11*h**2 + 35*h + 123. Give k(-13).
6
Let a(k) = 5*k**2 - 3*k + 2. Calculate a(2).
16
Let l(r) = -r**3 - 4*r**2 + 20*r. Give l(-7).
7
Let d(a) = -9*a**2 - 106*a + 21. What is d(-12)?
-3
Let y(j) = -25*j - 93. What is y(-4)?
7
Let j(d) = d**